et l(i) = i**2 + o*i**2 - 13*i + 10*i + 1. What is l(s)?
11
Suppose 3*y = -q + 8, -8*y + 5 = -9*y. Let z(v) = 3*v - 75. Determine z(q).
-6
Let z(m) = -9*m**3 - 11*m**2 + 5*m + 4. Let o(g) = -5*g**3 - 6*g**2 + 3*g + 2. Let n(j) = -7*o(j) + 4*z(j). Determine n(-4).
38
Let k(x) = -x - 6. Suppose 8*y = 6*y + s + 8, -3*y + 3*s + 15 = 0. Suppose -2*n - 2 = 0, -4*n - 22 = 3*u + y. Give k(u).
1
Let c be ((-45)/40)/9*-8*1. Let o(n) = 7*n**2 + 1. Determine o(c).
8
Let j(z) = -2*z - 7 - 9 - 2*z + 13. Calculate j(3).
-15
Let k(y) = 58 - 45 - 30 + 4*y. What is k(6)?
7
Let k(d) = d**3 - d**2 - 1. Suppose -2*x = x - 3*r + 24, 10 = -5*x - 5*r. Let o(b) = -6*b**3 + 8*b**2 - 4*b + 6. Let u(s) = x*k(s) - o(s). Calculate u(3).
11
Let l(n) = -n**2 - 15*n + 1. Let j be ((-1)/(-2))/(-5*11/1760). What is l(j)?
-15
Suppose -4 = -3*u + 2. Suppose 3*a + y + 26 = -2*a, 16 = -u*a + y. Let b(x) = -7 - 189*x**2 + x**3 + 194*x**2 + 6*x - 12*x. Calculate b(a).
-7
Let g(w) = -w**3 + 6*w**2 - 2*w - 1. Suppose -5*u + 0*k - 65 = 5*k, -3*u + 5*k = 71. Let h = u + 19. Give g(h).
11
Suppose 17*m - 26*m - 162 = 0. Let s = m + 14. Let a(q) = -2*q - 6. Give a(s).
2
Let l(t) = -t**2 + 8*t + 9. Let c(g) = -g**2 + 11*g + 10. Let a(s) = 2*c(s) - 3*l(s). Determine a(-5).
28
Let h be 5*9/(-15)*2. Let a(n) be the second derivative of -n**5/20 - 7*n**4/12 - n**3 + 7*n**2/2 + 133*n. Determine a(h).
7
Let t(u) = -u**3 + 3*u**2 - u - 2. Let g be (-6)/45 - 926/30. Let n = -29 - g. Calculate t(n).
0
Suppose 84 = 30*f - 18*f. Let u(o) = o**3 - 7*o**2 + 7. Give u(f).
7
Suppose r = -64 + 61. Let t(w) = w**3 + 2*w**2 - 4*w - 3. What is t(r)?
0
Let m(q) = -554*q**2 + 1113*q**2 + 31 + 7*q - 560*q**2. What is m(9)?
13
Let n(r) = -r**3 - 4*r**2 - 5*r - 4. Let w(m) = -4*m + 12. Let v be w(4). Let t be (-14)/4 + v/(-8). Determine n(t).
2
Let t(r) = 2*r - 3. Let h be t(-3). Let y(z) = -21*z**3 - 3 - 13*z**3 + 67*z**3 - 14*z**3 + 9*z + 10*z**2 - 18*z**3. Calculate y(h).
-3
Let o(b) = 2*b**2 - 4*b**2 + 2*b + 7 + 5*b + 9*b**2 + b**3. Calculate o(-6).
1
Suppose 0 = -4*q - 4, 2*g + q = 5*g - 40. Suppose -3*p = -4*n - 13, -3*n - g = -5*p + 5. Let i(z) = 8*z**2 + 1. Determine i(n).
9
Let j be (-2 - 0)*29/(-2). Suppose -3*f - 2*f + 5*y = -25, -5*f + j = -3*y. Suppose -f*w + 10 = -12*w. Let q(s) = -2*s**2 + 2*s + 3. Calculate q(w).
-9
Let d = -4 + 6. Let y(o) = 6*o - 6. Let q(u) be the first derivative of -u**2/2 + u - 10. Let w(i) = 4*q(i) + y(i). Give w(d).
2
Let x(b) = 10*b - 4. Let g(o) = -15*o + 6. Let i(z) = 5*g(z) + 7*x(z). Calculate i(-1).
7
Let t(b) = -5 - 27*b - 31*b + 63*b. Calculate t(-4).
-25
Let z(l) = l + 8. Let q(s) = -1. Let x(o) = 6*q(o) - z(o). Let p(a) = -a + 1. Let u be p(7). Give x(u).
-8
Let m(x) = x + 4. Suppose -3 = -u - 9. Let g(c) = -c**2 - 9*c - 18. Let h be g(u). Give m(h).
4
Let d(o) be the third derivative of o**5/10 - o**4/24 - o**3/6 + 8*o**2. Suppose 1 - 5 = 4*s. Calculate d(s).
6
Suppose 0 = -23*j - 7 - 16. Let x(b) = 8*b - 1. Calculate x(j).
-9
Let f(o) be the first derivative of 1/2*o**2 + 10 + 3/4*o**4 + 0*o + 2/3*o**3. Calculate f(-1).
-2
Let d(v) = 8*v**2 - 3. Let y(c) = 15*c**2 + c - 5. Let j(q) = -11*d(q) + 6*y(q). Calculate j(-1).
-1
Let m(y) = -y**2 - 7*y + 65. Let u be m(6). Let g(n) = -n**3 - 12*n**2 + 15*n + 17. Calculate g(u).
-9
Let p = -288 - -291. Let m(z) be the second derivative of 1/12*z**4 + 1/20*z**5 - 1/2*z**3 + p*z + 0 + 3/2*z**2. What is m(-3)?
-6
Let r = 35 - 1. Let t = r + -36. Let j(c) = -78*c + 44*c + 42*c. Calculate j(t).
-16
Let u = -43 - -89. Let z(k) = -k**2 - 2 + 54*k - u*k - 5. Determine z(6).
5
Let v(d) be the second derivative of -2*d**3/3 + 12*d**2 + 6*d - 4. Determine v(6).
0
Let s(n) be the first derivative of n**4/12 - n**3/3 + 3*n + 3. Let t(z) be the first derivative of s(z). Let f(a) = 5*a - 16. Let w be f(4). What is t(w)?
8
Let d(j) = 577*j**2 + 3*j - 290*j**2 - 290*j**2 - 5. What is d(2)?
-11
Let b(x) = -x**2 + 7*x + 2. Let f be b(5). Let g be (0 + f/9)*6. Let d = g - 3. Let l(h) = -h**3 + 5*h**2 - 7. Give l(d).
-7
Let q be 5/(-4) - 1989/(-1404). Let y(x) be the third derivative of q*x**3 + 0*x + 0 - 1/24*x**4 + 9*x**2. Give y(-2).
3
Suppose v + 0*v = 0. Suppose -5 = -5*c + f, -5*f - 25 = -0*c - 5*c. Let z(l) = -3289 + 3291 - l + l**3 + c*l**3. Calculate z(v).
2
Let j(x) = -9*x**2 + 11*x**3 + 4*x + 6*x**2 - 3 - 9*x**3. Calculate j(2).
9
Let v(q) = -q**3 + 4*q**2 + 3*q - 5. Suppose 0 = -35*r + 120 + 55. What is v(r)?
-15
Let r(z) = -10 + 5*z**2 - 4*z**2 - 6*z + 15. Calculate r(4).
-3
Let v = 29 - 29. Suppose -4*x + 2*x + 6 = v. Let h(g) = -6*g + 2*g**3 - 5*g**2 - g**x + 9*g. Calculate h(3).
-9
Let w(l) be the third derivative of -3*l**4/8 - l**3/6 + l**2 + 66*l. What is w(2)?
-19
Let d(p) = -8*p - 2. Let b(g) = -g**3 + 9*g**2 - 11*g + 94. Let f be b(9). What is d(f)?
38
Let o = -5 + -1. Suppose 9*s = 6*s + 21. Let g(l) = -2*l**3 - 12*l**2 + 3*l - 9. Let n(q) = 3*q**3 + 18*q**2 - 4*q + 13. Let w(c) = s*g(c) + 5*n(c). Give w(o).
-4
Let a(v) be the first derivative of -v**3/3 + 5*v**2/2 - 5*v + 2. Suppose 4 - 8 = -2*u. Suppose u*c - 7 = s + 5, -2*s = -2*c + 16. Calculate a(c).
-1
Let n(a) = 0*a**2 - 3 - a**2 - 99*a + 97*a - a**2. Let c(i) = i**3 - 3*i**2 - 5*i + 2. Let g be c(4). Give n(g).
-7
Let a(k) = k**2 - 17 - 5*k + 4 + 20. Calculate a(5).
7
Let j(y) = -y**3 - y**2 - y - 2. Let x(n) = -4*n**3 + 10*n**2 - 14*n - 13. Let i(p) = 3*j(p) - x(p). Determine i(12).
-5
Suppose j + 2*j = -2*o + 19, 5*j - 5*o - 15 = 0. Suppose 24 = j*w + 4. Let y(q) = -6 + w*q - 7*q**2 + 5 - 9 - q**3 - 6*q. Give y(-7).
4
Let z(y) = y**3 - 6*y**2 + 6*y - 1. Let g be z(5). Let s = 1 + g. Let l(n) = 2*n - 8. Let d(h) = h - 4. Let c(f) = -7*d(f) + 4*l(f). Calculate c(s).
1
Let a(g) = -g**2 - 6*g - 5. Let j = 19 - 28. Let z(c) = c**2 - 5*c + 3. Let u be z(5). Let d = u + j. What is a(d)?
-5
Let y(q) = q**2 + 4*q + 2. Let i(f) = 1. Let n be 2/(-3) - (-20)/3. Let c(m) = n*i(m) - y(m). Let v(k) = -k**2 + 4. Let j be v(-3). Give c(j).
-1
Let z(b) = -b**2 - b. Let p be 1 + 3 - 40/(-5). Suppose 0 = 5*x - 4*w + 14, 3*w = -5*x + 5*w - p. Calculate z(x).
-2
Let k(s) = 5 + 50*s**2 + 52*s**2 - 5*s - 101*s**2. What is k(4)?
1
Let g(q) be the third derivative of q**8/6720 - q**7/1260 - q**6/240 - q**5/60 + q**4/12 + 14*q**2. Let z(s) be the second derivative of g(s). Determine z(3).
-2
Let o be ((-4)/(-7))/(1 + 72/(-56)). Let m(x) = -2*x**3 + 2*x**2 - 1. Calculate m(o).
23
Let i(c) = 4*c**3 + 16*c**2 + 12*c - 5. Let y(f) = -f**3 - 2*f**2 - 2*f + 2. Let h(k) = i(k) + 3*y(k). Give h(-9).
28
Let a(v) = v + 2. Suppose 4*z - z = 18. Suppose z*u - 2 = 16. Calculate a(u).
5
Let u(l) = 6*l - 19. Let g(w) = 4*w - 13. Let n(b) = -7*g(b) + 5*u(b). Let j(s) = -127*s + 5. Let y be j(0). Calculate n(y).
6
Let h(l) = 2*l + l**2 - 5 + 3*l - 5*l - 4*l. Let t(z) = 9*z**2 - 107*z - 5. Let x be t(12). Calculate h(x).
16
Let w(y) = y**3 + 5*y**2 - 9*y - 41. Let l be -154 + 147 - -1*2. Determine w(l).
4
Let l(y) = -y**2 + 11*y - 6. Let a be ((-3)/9)/(13/(-273)). Determine l(a).
22
Let z(j) = 3*j**2 + 3*j - 11. Let h(r) = -4*r**2 - 4*r + 13. Let u(n) = 4*h(n) + 5*z(n). Determine u(0).
-3
Let u(j) = 33*j - 1228. Let w be u(37). Let c = -4 + 6. Let y(p) = p - c - p + p. Determine y(w).
-9
Let t(l) = -l**3 - 4*l**2 + l - 1. Let h(f) = -2*f**2 - 4*f - 4. Let j = 22 + -24. Let m be h(j). Determine t(m).
-5
Let t(n) be the third derivative of -n**6/360 + n**5/30 + 7*n**4/24 - 5*n**3/2 + 17*n**2. Let h(y) be the first derivative of t(y). Give h(5).
2
Suppose 28*h + 336 = 112*h. Let n(s) = -2*s**2 + 6*s - 7. What is n(h)?
-15
Let a(i) = 10*i**3 - 6*i - 9*i**3 - 2*i**3 - 5*i**2 - 8 + 0*i**3 + 2*i**3. Suppose 5*y - 3*c - 7 = 11, -2*c + 2 = -y. Calculate a(y).
-8
Let h(l) = l**2 + 3*l**2 - 10*l - 8*l**2 - 1 - 3. Let x(i) = 7*i**2 + 19*i + 8. Let m(t) = 5*h(t) + 3*x(t). What is m(-5)?
-6
Let q(c) = -20*c**3 - 11*c**2 + 7*c**3 - 13*c + 11 + 6*c**3 + 8*c**3. Calculate q(12).
-1
Let p(x) = x**3 - 6*x**2 + 5*x + 2. Suppose 4*l + 68 = -3*w, -4*w + 0*l = 3*l + 93. Let h = w - -29. Give p(h).
2
Suppose -3*b - 5*t + 4 = 0, 9 = 4*b - 2*b - 3*t. Let c(l) = -b*l + 2 - 1 + 0*l. Suppose -6 = 5*d - 16. Determine c(d).
-5
Let c be ((-18)/5)/(((-70)/25)/(-7)). Let a(m) = m**3 + 8*m**2 - 10*m - 1. Calculate a(c).
8
Let y(o) = -